1933 (base 10) in base 7?
-5465663
What is 3610556 (base 7) in base 15?
903bb
What is -266361 (base 8) in base 13?
-336a7
Convert -2700702 (base 10) to base 16.
-29359e
What is 195d0f (base 16) in base 5?
411142343
What is 17744237 (base 8) in base 7?
50346650
What is 2439673 (base 13) in base 5?
10334322404
Convert -67d8c (base 16) to base 2.
-1100111110110001100
What is 7735421 (base 8) in base 9?
3818481
Convert 23503 (base 10) to base 6.
300451
Convert 36a69 (base 14) to base 13.
48b68
Convert 30db5 (base 14) to base 10.
117955
-3431445 (base 6) to base 2
-101010110011110101
Convert -101001100001001111000 (base 2) to base 14.
-275b4c
968a (base 11) to base 13
5a9b
Convert -43819 (base 13) to base 4.
-131311201
What is 24344441 (base 5) in base 16?
3874e
Convert -85487 (base 11) to base 4.
-132113022
70b071 (base 13) to base 6
132120542
Convert 43111143 (base 5) to base 4.
1120230202
-3ca678 (base 14) to base 9
-3855023
Convert -3528435 (base 9) to base 15.
-27a8d8
110010001000000001111 (base 2) to base 9
3073082
Convert 98836 (base 10) to base 4.
120020110
Convert 11121100202101 (base 3) to base 2.
1001010101100110111011
What is 22450055 (base 7) in base 14?
390c65
Convert -40204350 (base 6) to base 9.
-2121633
-235086 (base 13) to base 5
-203324424
What is -4cdc35 (base 16) in base 6?
-255543541
11022000011 (base 3) to base 16
14a58
What is -25412631 (base 7) in base 14?
-440518
-41250120 (base 6) to base 11
-741a17
-22b8c0b (base 13) to base 15
-e1e3ca
-33750720 (base 8) to base 5
-3334000313
1340005 (base 6) to base 11
5152a
Convert 194321b (base 14) to base 11.
708a749
What is 238530 (base 14) in base 4?
10220112232
Convert 1110011010 (base 4) to base 6.
11214220
1b523c (base 13) to base 10
696838
849b (base 14) to base 13
a546
-14934 (base 15) to base 3
-10100210211
What is ffac9 (base 16) in base 6?
34240201
-121202012021 (base 3) to base 9
-552167
Convert -22256764 (base 8) to base 14.
-8d2376
248719 (base 12) to base 14
11700d
What is 3214298 (base 10) in base 12?
10b0162
What is 201144112 (base 5) in base 10?
803032
What is 10324300 (base 5) in base 14?
247a5
What is 46626 (base 14) in base 11?
107802
What is 1ec9 (base 16) in base 12?
4689
29286e (base 16) to base 8
12224156
What is -688745 (base 15) in base 5?
-2234134030
Convert 1550034 (base 6) to base 10.
92038
-526201 (base 7) to base 16
-16372
Convert 53413 (base 10) to base 14.
15673
What is 4228416 (base 9) in base 11?
1306384
What is 44422332 (base 5) in base 9?
652654
-165ac (base 16) to base 4
-112112230
-63bc5 (base 14) to base 13
-8594b
320313331 (base 4) to base 11
14a02a
311de (base 16) to base 12
98512
7a376 (base 13) to base 5
24110001
What is -18a0b (base 15) in base 16?
-1380e
Convert -7333044 (base 9) to base 13.
-a72b28
1101101010000011001111 (base 2) to base 4
31222003033
4053164 (base 8) to base 2
100000101011001110100
225795 (base 10) to base 12
aa803
What is 128590 (base 16) in base 10?
1213840
What is 11100100011101110 (base 2) in base 12?
5783a
Convert -37ba6 (base 13) to base 8.
-311221
15917 (base 13) to base 6
514115
278c1 (base 14) to base 7
555031
What is 1cabea (base 15) in base 3?
2122021222211
Convert -133340312 (base 6) to base 5.
-1142004040
30ca6 (base 15) to base 7
1213053
Convert -3234aa (base 13) to base 16.
-11fb28
-24aa94 (base 12) to base 10
-599440
Convert -2b0d52 (base 15) to base 5.
-1013004002
138559 (base 11) to base 13
775aa
Convert 12140555 (base 6) to base 14.
a0b79
What is -11120021100010 (base 3) in base 8?
-11202766
What is 1164352 (base 7) in base 10?
150418
2224327 (base 9) to base 11
7485a2
1032502 (base 6) to base 8
143726
-3032354 (base 7) to base 3
-200100020012
Convert 274249 (base 10) to base 3.
111221012101
Convert 20220404 (base 5) to base 2.
101000000000001110
What is 27d581 (base 15) in base 9?
3543304
Convert -6035733 (base 8) to base 7.
-16333166
772325 (base 9) to base 6
13514122
-48428 (base 10) to base 7
-261122
What is 3202000332 (base 4) in base 16?
e203e
Convert -1111010100110000101011 (base 2) to base 7.
-46100640
-611070 (base 10) to base 2
-10010101001011111110
-10110101001001100011 (base 2) to base 5
-142220422
Convert -16c0c (base 15) to base 10.
-73587
-120201001220 (base 3) to base 9
-521056
Convert 300076 (base 9) to base 14.
48824
Convert a818d (base 14) to base 10.
406433
33412433 (base 5) to base 6
10152315
What is 156933 (base 11) in base 4?
323122213
113211101 (base 4) to base 12
47a95
Convert -2632007 (base 11) to base 9.
-8513614
Convert 110101010011011 (base 2) to base 7.
142365
314809 (base 15) to base 12
950623
2312223310 (base 4) to base 11
471211
-5a0414 (base 11) to base 4
-3220131210
What is 11210110102 (base 3) in base 5?
11010001
-23313302333 (base 4) to base 14
-5b022b
-146530 (base 10) to base 16
-23c62
What is -113023431 (base 5) in base 8?
-1762366
What is -a321 (base 11) in base 14?
-4dc4
-10734773 (base 8) to base 2
-1000111011100111111011
-5204c (base 13) to base 5
-14203023
What is 32024300 (base 5) in base 13?
94971
37143a (base 11) to base 13
177542
Convert -20321303231 (base 4) to base 11.
-1354578
What is 6380f (base 16) in base 5?
101020232
What is -3a9868 (base 15) in base 14?
-534692
Convert -48488 (base 12) to base 3.
-11221200012
What is 440220 (base 8) in base 6?
3055200
Convert 1014414 (base 8) to base 10.
268556
cf22 (base 16) to base 7
310411
Convert 12210100201 (base 3) to base 11.
78704
12340 (base 6) to base 15
840
Convert 51141 (base 10) to base 11.
35472
8da30 (base 16) to base 5
122031034
-20122332 (base 4) to base 2
-1000011010111110
-209a6 (base 14) to base 4
-103032112
What is -52619 (base 11) in base 7?
-436235
-222222000122220 (base 3) to base 10
-14329707
52a92 (base 12) to base 10
108686
What is -130256 (base 10) in base 9?
-217608
Convert -87589 (base 13) to base 15.
-4c81a
What is -2417337 (base 8) in base 7?
-5431466
What is -45db7a (base 14) in base 7?
-26145413
Convert -12202100011011 (base 3) to base 16.
-2ea782
Convert -1181b8 (base 15) to base 6.
-25540502
20000200110121 (base 3) to base 6
152344324
Convert 35372 (base 14) to base 6.
2440132
What is 130ea7 (base 15) in base 16?
df47d
What is -2743b03 (base 12) in base 7?
-123220515
24355466 (base 9) to base 5
11021440213
1317610 (base 8) to base 12
159320
20221220022001 (base 3) to base 14
6c3b7c
Convert -7156612 (base 8) to base 4.
-13031312022
What is 2232100003 (base 4) in base 11?
448267
Convert -19c1c (base 13) to base 11.
-34947
-2322331 (base 4) to base 5
-340330
Convert -47722 (base 12) to base 4.
-113131022
-11100100101100111 (base 2) to base 9
-187555
Convert 1145404 (base 13) to base 5.
2330332021
Convert -111010001111101000110010 (base 2) to base 12.
-5143a6a
-8701a53 (base 11) to base 14
-206499a
Convert 568744 (base 10) to base 14.
10b3a8
What is 21133220303 (base 4) in base 15?
3426a8
Convert -121332222 (base 4) to base 3.
-12101222010
-3356321 (base 7) to base 13
-1180c7
Convert -6033a0 (base 12) to base 4.
-11231321220
Convert -20416642 (base 7) to base 15.
-23e567
Convert 6022163 (base 7) to base 8.
2555464
Convert -1001110110101111011010 (base 2) to base 16.
-276bda
What is -1212000111211 (base 3) in base 4?
-3300113023
Convert 144112004 (base 5) to base 15.
103089
What is -6234075 (base 8) in base 12?
-678591
What is 101110101101101101 (base 2) in base 4?
232231231
What is -160bdd9 (base 14) in base 11?
-60aa269
-464501 (base 7) to base 3
-11020012102
What is 851975 (base 11) in base 14?
2771ab
What is -2100121021122 (base 3) in base 11?
-785630
What is 112032332 (base 4) in base 16?
163be
What is -7741252 (base 8) in base 6?
-112340202
What is 1222201221220 (base 3) in base 15?
15d619
Convert -45506a (base 11) to base 3.
-1100210100000
Convert -31d18 (base 16) to base 6.
-4212412
Convert 43024033 (base 5) to base 14.
9587d
What is -5b3dc (base 15) in base 3?
-112210100200
e2c7b (base 15) to base 4
2233113230
1965869 (base 10) to base 7
22465253
What is -18824826 (base 9) in base 15?
-c81c19
Convert -1d568d (base 16) to base 5.
-443011301
Convert 219112 (base 13) to base 3.
1111012012011
Convert 477447 (base 8) to base 4.
213330213
What is -50b3cb (base 13) in base 9?
-3476600
Convert -713671 (base 10) to base 5.
-140314141
-658632 (base 9) to base 5
-100042241
What 